{"id":11,"date":"2014-10-30T15:01:49","date_gmt":"2014-10-30T15:01:49","guid":{"rendered":"https:\/\/kustata.lt\/?page_id=11"},"modified":"2026-01-13T13:06:09","modified_gmt":"2026-01-13T13:06:09","slug":"kontaktai","status":"publish","type":"page","link":"https:\/\/kustata.lt\/?page_id=11","title":{"rendered":"Kontaktai"},"content":{"rendered":"<p><strong>UAB Kustata<\/strong><br \/>\nTelefonas: +370 688 27878<\/p>\n<p>\u012emon\u0117s kodas: 302028567<br \/>\nPVM kodas: LT100004646415<br \/>\nAdresas: Ku\u0161l\u0117n\u0173 g. 51, Ku\u0161l\u0117n\u0173 k., Reivy\u010di\u0173 sen., LT-89316 Ma\u017eeiki\u0173 r.sav.<br \/>\nEl. pa\u0161tas: kustata@yahoo.com<\/p>\n<p><strong>\u017dem\u0117lapis <\/strong><\/p>\n<p><iframe loading=\"lazy\" style=\"border: 0;\" src=\"https:\/\/www.google.com\/maps\/embed?pb=!1m18!1m12!1m3!1d35369.79101498887!2d22.255331!3d56.353778!2m3!1f0!2f0!3f0!3m2!1i1024!2i768!4f13.1!3m3!1m2!1s0x46e57d81c0d79cbf%3A0xacabd18a424868e1!2zS3XFoWzEl25haSA4OTMwMQ!5e0!3m2!1slt!2slt!4v1414682159638\" width=\"600\" height=\"450\" frameborder=\"0\"><\/iframe><\/p>\n","protected":false},"excerpt":{"rendered":"<p>UAB Kustata Telefonas: +370 688 27878 \u012emon\u0117s kodas: 302028567 PVM kodas: LT100004646415 Adresas: Ku\u0161l\u0117n\u0173 g. 51, Ku\u0161l\u0117n\u0173 k., Reivy\u010di\u0173 sen., LT-89316 Ma\u017eeiki\u0173 r.sav. El. pa\u0161tas: kustata@yahoo.com \u017dem\u0117lapis<\/p>\n","protected":false},"author":1,"featured_media":0,"parent":0,"menu_order":0,"comment_status":"closed","ping_status":"open","template":"","meta":{"footnotes":""},"_links":{"self":[{"href":"https:\/\/kustata.lt\/index.php?rest_route=\/wp\/v2\/pages\/11"}],"collection":[{"href":"https:\/\/kustata.lt\/index.php?rest_route=\/wp\/v2\/pages"}],"about":[{"href":"https:\/\/kustata.lt\/index.php?rest_route=\/wp\/v2\/types\/page"}],"author":[{"embeddable":true,"href":"https:\/\/kustata.lt\/index.php?rest_route=\/wp\/v2\/users\/1"}],"replies":[{"embeddable":true,"href":"https:\/\/kustata.lt\/index.php?rest_route=%2Fwp%2Fv2%2Fcomments&post=11"}],"version-history":[{"count":7,"href":"https:\/\/kustata.lt\/index.php?rest_route=\/wp\/v2\/pages\/11\/revisions"}],"predecessor-version":[{"id":69,"href":"https:\/\/kustata.lt\/index.php?rest_route=\/wp\/v2\/pages\/11\/revisions\/69"}],"wp:attachment":[{"href":"https:\/\/kustata.lt\/index.php?rest_route=%2Fwp%2Fv2%2Fmedia&parent=11"}],"curies":[{"name":"wp","href":"https:\/\/api.w.org\/{rel}","templated":true}]}}